10
Convert 3 (base 4) to base 6.
3
What is -4e (base 16) in base 7?
-141
What is -57 (base 13) in base 12?
-60
-12 (base 11) to base 12
-11
Convert -20 (base 3) to base 2.
-110
What is -61 (base 7) in base 10?
-43
Convert 3 (base 7) to base 12.
3
-d (base 15) to base 5
-23
Convert 3 (base 8) to base 11.
3
-3 (base 5) to base 11
-3
Convert 2 (base 8) to base 12.
2
What is b (base 16) in base 15?
b
What is 0 (base 16) in base 11?
0
1 (base 8) to base 5
1
11 (base 3) to base 11
4
94 (base 12) to base 7
220
16 (base 13) to base 5
34
1 (base 9) to base 12
1
-2 (base 11) to base 10
-2
-1012 (base 4) to base 5
-240
-22 (base 3) to base 14
-8
What is 1 (base 14) in base 13?
1
-100 (base 4) to base 2
-10000
What is -2 (base 6) in base 9?
-2
Convert 124 (base 7) to base 2.
1000011
Convert 42 (base 7) to base 4.
132
What is -e1 (base 15) in base 9?
-254
What is 101011 (base 2) in base 5?
133
What is 54 (base 8) in base 7?
62
What is -110020 (base 3) in base 16?
-14a
-38 (base 15) to base 13
-41
What is -55 (base 8) in base 13?
-36
Convert -184 (base 9) to base 5.
-1112
What is 3 (base 10) in base 3?
10
Convert -41 (base 6) to base 8.
-31
10 (base 2) to base 4
2
What is -246 (base 8) in base 10?
-166
What is 0 (base 7) in base 16?
0
Convert -7 (base 11) to base 16.
-7
-43 (base 16) to base 5
-232
Convert -100 (base 2) to base 3.
-11
Convert 2 (base 9) to base 8.
2
What is 11 (base 5) in base 8?
6
What is 1 (base 7) in base 4?
1
What is 11112 (base 3) in base 11?
101
55 (base 12) to base 6
145
What is 2 (base 11) in base 10?
2
Convert 1 (base 4) to base 8.
1
Convert 4 (base 7) to base 16.
4
Convert 12 (base 15) to base 5.
32
-2 (base 8) to base 6
-2
2b (base 13) to base 3
1101
What is 11010 (base 2) in base 16?
1a
3 (base 4) to base 12
3
What is -2 (base 6) in base 4?
-2
-100 (base 8) to base 9
-71
0 (base 6) to base 7
0
What is -3 (base 14) in base 11?
-3
What is -2 (base 5) in base 9?
-2
What is 27 (base 11) in base 9?
32
What is -3 (base 6) in base 2?
-11
1 (base 7) to base 2
1
204 (base 6) to base 4
1030
a7 (base 11) to base 14
85
Convert -423 (base 5) to base 11.
-a3
What is -100 (base 5) in base 11?
-23
-22 (base 5) to base 2
-1100
What is -11 (base 9) in base 6?
-14
What is -1 (base 11) in base 14?
-1
Convert 41 (base 8) to base 7.
45
What is 1011110 (base 2) in base 8?
136
Convert 0 (base 12) to base 3.
0
Convert -8c (base 13) to base 16.
-74
Convert -120 (base 3) to base 13.
-12
What is 0 (base 14) in base 4?
0
Convert d (base 15) to base 9.
14
-11 (base 15) to base 10
-16
What is 0 (base 3) in base 9?
0
What is -431 (base 5) in base 15?
-7b
Convert 17b (base 13) to base 10.
271
Convert -3 (base 13) to base 16.
-3
1000 (base 4) to base 6
144
What is 5 (base 13) in base 16?
5
167 (base 14) to base 11
241
-48 (base 10) to base 8
-60
What is -3 (base 14) in base 6?
-3
What is -2 (base 14) in base 2?
-10
Convert 2110 (base 3) to base 13.
51
412 (base 6) to base 7
305
0 (base 13) to base 5
0
What is 5a (base 14) in base 9?
88
What is -43 (base 7) in base 9?
-34
Convert 1 (base 3) to base 11.
1
-111 (base 2) to base 14
-7
What is -123 (base 5) in base 13?
-2c
What is 7 (base 10) in base 8?
7
-3 (base 4) to base 13
-3
Convert -100 (base 2) to base 15.
-4
3 (base 8) to base 13
3
What is 1 (base 9) in base 13?
1
What is 5 (base 6) in base 14?
5
Convert 21 (base 3) to base 11.
7
-3b (base 14) to base 12
-45
What is -22 (base 7) in base 16?
-10
What is -13 (base 16) in base 10?
-19
What is -64 (base 7) in base 2?
-101110
48 (base 9) to base 10
44
32 (base 13) to base 16
29
What is -48 (base 11) in base 4?
-310
4 (base 15) to base 11
4
What is 14 (base 13) in base 7?
23
-2d (base 15) to base 6
-111
-3 (base 13) to base 9
-3
Convert -2 (base 16) to base 7.
-2
Convert -2 (base 9) to base 7.
-2
101 (base 4) to base 14
13
What is -10000 (base 2) in base 12?
-14
1 (base 11) to base 12
1
-1c (base 15) to base 16
-1b
10 (base 8) to base 12
8
What is 6 (base 16) in base 8?
6
Convert 24 (base 10) to base 14.
1a
42 (base 5) to base 13
19
What is 8 (base 9) in base 10?
8
-46 (base 8) to base 6
-102
-c (base 13) to base 7
-15
0 (base 14) to base 8
0
4 (base 10) to base 11
4
Convert -14 (base 6) to base 2.
-1010
What is 3 (base 5) in base 11?
3
23 (base 12) to base 11
25
-5 (base 12) to base 5
-10
What is -22 (base 6) in base 7?
-20
1 (base 11) to base 3
1
-11000 (base 2) to base 12
-20
Convert -1001100 (base 2) to base 5.
-301
2 (base 14) to base 5
2
Convert 11 (base 5) to base 2.
110
1 (base 3) to base 4
1
b (base 16) to base 13
b
1 (base 3) to base 2
1
-10 (base 3) to base 8
-3
What is -2 (base 12) in base 15?
-2
-100 (base 2) to base 10
-4
What is -1 (base 5) in base 15?
-1
What is 3 (base 8) in base 15?
3
Convert -55 (base 7) to base 6.
-104
What is -221 (base 3) in base 11?
-23
Convert 40 (base 11) to base 7.
62
What is -26 (base 15) in base 5?
-121
Convert -6 (base 12) to base 15.
-6
What is 29 (base 16) in base 3?
1112
What is -3 (base 10) in base 12?
-3
-5 (base 12) to base 10
-5
-3 (base 8) to base 13
-3
What is 1 (base 12) in base 13?
1
47 (base 12) to base 16
37
Convert 4 (base 10) to base 2.
100
21 (base 7) to base 2
1111
What is 3 (base 4) in base 14?
3
What is -2 (base 15) in base 12?
-2
What is -142 (base 5) in base 6?
-115
What is 0 (base 14) in base 8?
0
Convert 0 (base 2) to base 9.
0
What is -100 (base 2) in base 9?
-4
What is 5 (base 11) in base 12?
5
What is -4 (base 10) in base 9?
-4
5 (base 14) to base 10
5
What is -4 (base 6) in base 15?
-4
What is 121 (base 8) in base 4?
1101
Convert -17 (base 13) to base 14.
-16
What is -6 (base 10) in base 6?
-10
What is -10 (base 4) in base 16?
-4
Convert -79 (base 16) to base 12.
-a1
15 (base 8) to base 6
21
-333 (base 4) to base 8
-77
0 (base 6) to base 13
0
4 (base 13) to base 6
4
-100 (base 3) to base 4
-21
What is -11000110 (base 2) in base 8?
-306
Convert -2a (base 11) to base 7.
-44
What is -22 (base 14) in base 3?
-1010
0 (base 16) to base 6
0
-101 (base 2) to base 13
-5
Convert -21 (base 4) to base 7.
-12
What is 21 (base 7) in base 2?
1111
What is -47 (base 13) in base 10?
-59
Convert 17 (base 13) to base 14.
16
What is 2 (base 13) in base 11?
2
What is -15 (base 15) in base 11?
-19
Convert 334 (base 8) to base 9.
264
-9b (base 16) to base 15
-a5
3 (base 10) to base 3
10
Convert 4 (base 13) to base 14.
4
Convert 0 (base 10) to base 14.
0
What is -131 (base 7) in base 6?
-155
What is -101 (base 3) in base 15?
-a
What is -31 (base 15) in base 13?
-37
What is -20 (base 6) in base 15?
-c
Convert 120 (base 8) to base 10.
80
-b (base 16) to base 10
-11
What is -10000 (base 2) in base 7?
-22
What is -11 (base 12) in base 14?
-d
1 (base 15) to base 16
1
-21 (base 3) to base 13
-7
3 (base 8) to base 2
11
Convert -2 (base 5) to base 3.
-2
24 (base 9) to base 8
26
What is -8 (base 14) in base 11?
-8
What is -a (base 11) in base 3?
-101
-4 (base 5) to base 12
-4
Convert 1001 (base 3) to base 6.
44
2a (base 12) to base 13
28
1 (base 16) to base 4
1
-1 (base 11) to base 15
-1
Convert 87 (base 12) to base 8.
147
-20 (base 11) to base 15
-17
What is -6 (base 13) in base 16?
-6
Convert 3 (base 13) to base 6.
3
What is 452 (base 6) in base 7?
341
100 (base 11) to base 13
94
1 (base 3) to base 4
1
-1000011 (base 2) to base 16
-43
3 (base 12) to base 14
3
Convert 6 (base 16) to base 7.
6
Convert 154 (base 7) to base 8.
130
Convert 63 (base 11) to base 13.
54
Convert -101010000 (base 2) to base 3.
-110110
Convert 110100 (base 2) to base 16.
34
What is 4b (base 14) in base 13?
52
-1102 (base 3) to base 6
-102
Convert 64 (base 14) to base 6.
224
-1111010 (base 2) to base 7
-233
5 (base 14) to base 13
5
Convert 1110 (base 3) to base 2.
100111
7 (base 8) to base 14
7
Convert 2 (base 11) to base 3.
2
What is -3d (base 14) in base 10?
-55
-21 (base 8) to base 10
-17
-1 (base 4) to base 5
-1
-45 (base 8) to base 15
-27
Convert -120 (base 5) to base 13.
-29
What is 11 (base 3) in base 5?
4
What is 42 (base 13) in base 11?
4a
-54 (base 15) to base 4
-1033
-111 (base 4) to base 3
-210
42 (base 5) to base 12
1a
What is 25 (base 13) in base 4?
133
Convert -133 (base 5) to base 14.
-31
Convert 16 (base 7) to base 6.
21
Convert -4 (base 6) to base 10.
-4
Convert -322 (base 5) to base 7.
-153
What is 0 (base 7) in base 14?
0
Conve